{"id":243,"date":"2017-02-14T19:55:33","date_gmt":"2017-02-14T18:55:33","guid":{"rendered":"http:\/\/www.desales.sk\/?page_id=243"},"modified":"2017-10-14T16:14:40","modified_gmt":"2017-10-14T14:14:40","slug":"nas-erb-a-motto","status":"publish","type":"page","link":"http:\/\/www.desales.sk\/?page_id=243","title":{"rendered":"Erby a mott\u00e1"},"content":{"rendered":"<div>\n<h4>Erb In\u0161tit\u00fatu sv\u00e4t\u00e9ho Franti\u0161ka Salesk\u00e9ho<\/h4>\n<p><img loading=\"lazy\" decoding=\"async\" class=\"alignleft size-medium wp-image-1069\" src=\"http:\/\/www.desales.sk\/wp-content\/uploads\/2017\/02\/017-Logo-IsFS-01-Vektor-263x300.png\" alt=\"\" width=\"263\" height=\"300\" srcset=\"http:\/\/www.desales.sk\/wp-content\/uploads\/2017\/02\/017-Logo-IsFS-01-Vektor-263x300.png 263w, http:\/\/www.desales.sk\/wp-content\/uploads\/2017\/02\/017-Logo-IsFS-01-Vektor-768x875.png 768w, http:\/\/www.desales.sk\/wp-content\/uploads\/2017\/02\/017-Logo-IsFS-01-Vektor-898x1024.png 898w\" sizes=\"auto, (max-width: 263px) 100vw, 263px\" \/>V\u00a0hlavnom erbe In\u0161tit\u00fatu sv\u00e4t\u00e9ho Franti\u0161ka Salesk\u00e9ho je dva kr\u00e1t <strong>kniha s\u00a0perom<\/strong>. T\u00e1 zn\u00e1zor\u0148uje n\u00e1\u0161ho <strong>patr\u00f3na sv. Franti\u0161ka Salesk\u00e9ho<\/strong>. Z\u00e1rove\u0148 sa v\u00a0\u0148om nach\u00e1dzaj\u00fa dve Srdcia. <strong>Srdce v\u00a0pravom hornom rohu <\/strong>je <strong>Najsv\u00e4tej\u0161ie Srdce Je\u017ei\u0161ovo<\/strong> a\u00a0v\u00a0\u013eavom dolnom zn\u00e1zor\u0148uje<strong> Nepo\u0161kvrnen\u00e9 Srdce Panny M\u00e1rie.<\/strong> Na stuhe nad erbom je n\u00e1zov In\u0161tit\u00fatu sv\u00e4t\u00e9ho Franti\u0161ka Salesk\u00e9ho v\u00a0latin\u010dine: <em>Institutum sancti Francisci de Sales<\/em>. Stuha pod erbom nesie motto In\u0161tit\u00fatu: <em>Instaurare omnia in Christo per Mariam<\/em> (<strong>Obnovi\u0165 v\u0161etko v Kristovi skrze M\u00e1riu<\/strong>).<\/p>\n<\/div>\n<div>\n<h4>Erb Vydavate\u013estva De Sales<\/h4>\n<p><img loading=\"lazy\" decoding=\"async\" class=\"alignleft size-medium wp-image-1070\" src=\"http:\/\/www.desales.sk\/wp-content\/uploads\/2017\/02\/018-Logo-Vydavatelstvo-01-Vektor-263x300.png\" alt=\"\" width=\"263\" height=\"300\" srcset=\"http:\/\/www.desales.sk\/wp-content\/uploads\/2017\/02\/018-Logo-Vydavatelstvo-01-Vektor-263x300.png 263w, http:\/\/www.desales.sk\/wp-content\/uploads\/2017\/02\/018-Logo-Vydavatelstvo-01-Vektor-768x875.png 768w, http:\/\/www.desales.sk\/wp-content\/uploads\/2017\/02\/018-Logo-Vydavatelstvo-01-Vektor-898x1024.png 898w\" sizes=\"auto, (max-width: 263px) 100vw, 263px\" \/>V hlavnej \u010dasti erbu Vydavate\u013estva de Sales je <strong>kniha s\u00a0perom<\/strong>. T\u00e1 zn\u00e1zor\u0148uje n\u00e1\u0161ho <strong>patr\u00f3na sv. Franti\u0161ka Salesk\u00e9ho<\/strong>. Z\u00e1rove\u0148 kniha zn\u00e1zor\u0148uje v\u00fdzvu sv. Augustina, ktor\u00e1 je aj mottom vydavate\u013estva a\u00a0nesie ju stuha pod erbom: <em>Tolle, lege! Tolle, lege!<\/em> (<strong>Vezmi a\u00a0\u010d\u00edtaj! Vezmi a\u00a0\u010ditaj!<\/strong>). Na stuhe nad erbom je n\u00e1zov Vydavate\u013estva de Sales v\u00a0latin\u010dine: <em>Officina libraria editoria de Sales<\/em>.<\/p>\n<\/div>\n<div>\n<h4>Erb klubu Annecy<\/h4>\n<p><img loading=\"lazy\" decoding=\"async\" class=\"alignleft size-medium wp-image-1068\" src=\"http:\/\/www.desales.sk\/wp-content\/uploads\/2017\/02\/019-Logo-Annecy-01-Vektor-264x300.png\" alt=\"\" width=\"264\" height=\"300\" srcset=\"http:\/\/www.desales.sk\/wp-content\/uploads\/2017\/02\/019-Logo-Annecy-01-Vektor-264x300.png 264w, http:\/\/www.desales.sk\/wp-content\/uploads\/2017\/02\/019-Logo-Annecy-01-Vektor-768x874.png 768w, http:\/\/www.desales.sk\/wp-content\/uploads\/2017\/02\/019-Logo-Annecy-01-Vektor-900x1024.png 900w\" sizes=\"auto, (max-width: 264px) 100vw, 264px\" \/>V hlavnej \u010dasti erbu Klubu Annecy je <strong>podobize\u0148 sv. Franti\u0161ka Salesk\u00e9ho<\/strong>, patr\u00f3na In\u0161tit\u00fatu. Na stuhe nad erbom je n\u00e1zov klubu Annecy v\u00a0latin\u010dine: <em>Societas Annecy<\/em>. Stuha pod erbom obsahuje motto klubu: <em>Sancti eritis quia ego sanctus sum<\/em> (<strong>Bu\u010fte sv\u00e4t\u00ed, lebo ja som sv\u00e4t\u00fd<\/strong>), (<em>1 Pt <\/em>1, 16).<\/p>\n<\/div>\n<div>\n<h4>Erb Klubu M\u00e1riinych dobrovo\u013en\u00edkov<\/h4>\n<p>V hlavnej \u010dasti erbu Klubu M\u00e1riin\u00fdch dobrovo\u013en\u00edkov je <strong>podobize\u0148 Panny M\u00e1rie,<\/strong> na\u0161ej Nebeskej Matky. Na stuhe nad erbom je n\u00e1zov klubu M\u00e1riin\u00fdch dobrovo\u013en\u00edkov v\u00a0latin\u010dine: <em>Societas Voluntarii Mariae<\/em>. Stuha pod erbom obsahuje motto klubu: <em>Ecce ancilla Domini<\/em> (<strong>H\u013ea, slu\u017eobnica P\u00e1na<\/strong>), (<em>Lk<\/em> 1, 38).<\/p>\n<\/div>\n<div>\n<h4>Erb Klubu M\u00e1riinych orodovn\u00edkov<\/h4>\n<p>V hlavnej \u010dasti erbu Klubu M\u00e1riin\u00fdch orodovn\u00edkov je <strong>podobize\u0148 Panny M\u00e1rie s\u00a0Je\u017ei\u0161kom, dr\u017eiacej ru\u017eenec,<\/strong> vyzivaj\u00facej n\u00e1s ku ka\u017edodennej modlitbe posv\u00e4tn\u00e9ho ru\u017eenca. Na stuhe nad erbom je n\u00e1zov klubu M\u00e1riin\u00fdch orodovn\u00edkov v\u00a0latin\u010dine: <em>Societas Intercessorii Mariae<\/em>. Stuha pod erbom obsahuje motto klubu: <em>Petite, et dabitur vobis!<\/em> (<strong>Proste a dostanete!<\/strong>), (<em>Mt <\/em>7, 7).<\/p>\n<\/div>\n","protected":false},"excerpt":{"rendered":"<p>Erb In\u0161tit\u00fatu sv\u00e4t\u00e9ho Franti\u0161ka Salesk\u00e9ho V\u00a0hlavnom erbe In\u0161tit\u00fatu sv\u00e4t\u00e9ho Franti\u0161ka Salesk\u00e9ho je dva kr\u00e1t kniha s\u00a0perom. T\u00e1 zn\u00e1zor\u0148uje n\u00e1\u0161ho patr\u00f3na sv. Franti\u0161ka Salesk\u00e9ho. Z\u00e1rove\u0148 sa v\u00a0\u0148om nach\u00e1dzaj\u00fa dve Srdcia. Srdce v\u00a0pravom hornom rohu je Najsv\u00e4tej\u0161ie Srdce Je\u017ei\u0161ovo a\u00a0v\u00a0\u013eavom dolnom zn\u00e1zor\u0148uje Nepo\u0161kvrnen\u00e9 Srdce Panny M\u00e1rie. Na stuhe nad erbom je n\u00e1zov In\u0161tit\u00fatu sv\u00e4t\u00e9ho Franti\u0161ka Salesk\u00e9ho v\u00a0latin\u010dine:&hellip; <\/p>\n","protected":false},"author":1,"featured_media":0,"parent":0,"menu_order":0,"comment_status":"closed","ping_status":"closed","template":"","meta":{"footnotes":""},"class_list":["post-243","page","type-page","status-publish","hentry"],"_links":{"self":[{"href":"http:\/\/www.desales.sk\/index.php?rest_route=\/wp\/v2\/pages\/243","targetHints":{"allow":["GET"]}}],"collection":[{"href":"http:\/\/www.desales.sk\/index.php?rest_route=\/wp\/v2\/pages"}],"about":[{"href":"http:\/\/www.desales.sk\/index.php?rest_route=\/wp\/v2\/types\/page"}],"author":[{"embeddable":true,"href":"http:\/\/www.desales.sk\/index.php?rest_route=\/wp\/v2\/users\/1"}],"replies":[{"embeddable":true,"href":"http:\/\/www.desales.sk\/index.php?rest_route=%2Fwp%2Fv2%2Fcomments&post=243"}],"version-history":[{"count":0,"href":"http:\/\/www.desales.sk\/index.php?rest_route=\/wp\/v2\/pages\/243\/revisions"}],"wp:attachment":[{"href":"http:\/\/www.desales.sk\/index.php?rest_route=%2Fwp%2Fv2%2Fmedia&parent=243"}],"curies":[{"name":"wp","href":"https:\/\/api.w.org\/{rel}","templated":true}]}}